= 901 - 7336. What are the prime factors of j?
3, 11, 13
Let h(t) = -2*t + 10. Let w be h(3). Suppose m = w*r + 446 - 1281, 2*m - 850 = -4*r. Suppose 0 = -4*k + 10*k - r. What are the prime factors of k?
5, 7
Let j = 3153 - 441. List the prime factors of j.
2, 3, 113
List the prime factors of 5320/32 + 9/12.
167
Let i = 19 - 16. Suppose -6 = -2*d, -i*x = -4*d - 65 - 127. List the prime factors of x.
2, 17
Suppose 434*q - 453*q = -11894. List the prime factors of q.
2, 313
Let r = 43 - 37. Suppose 2*s + 5*n - 72 = 0, -3*s - n + r*n = -108. What are the prime factors of s?
2, 3
Suppose -4*u - 6 = -7*u. Suppose 223 = 5*d - d - 3*v, -u*d - v = -119. Suppose -2*h + 0*h + d = 0. What are the prime factors of h?
29
Let v = -50 + 34. Let k(r) = r**3 + 18*r**2 + 19*r - 22. List the prime factors of k(v).
2, 3, 31
Let f(y) = -4*y - 3. Let m be f(-2). Suppose -5*q + 8 = 4*l, 5*l - 2*l = q + 6. Suppose s - 33 = -m*z, q*s - 2*s - 39 = -5*z. List the prime factors of z.
7
Let t = -231 + 86. Suppose -2*d + 18 = n - d, 3*n - d = 38. List the prime factors of n/(-56) - t/4.
2, 3
Let k = 9 - -6. Suppose 2*n - k = -3*n. Suppose 0 = 5*d + 5*v - 190, -n*d + 1 = 5*v - 123. What are the prime factors of d?
3, 11
What are the prime factors of (68/10)/(8/340)?
17
Let z = 1132 - 458. List the prime factors of z.
2, 337
Suppose 20*s - 42*s - 330 = 0. Suppose t = -t. What are the prime factors of (-140)/s*(t - -3)?
2, 7
Let v = -2275 - -3791. What are the prime factors of v?
2, 379
Let n(z) = 82*z - 10. Let u be n(3). Suppose 2*y + 30 = u. What are the prime factors of y?
103
Let k = 43 + -20. Suppose 0*c = -2*c + 82. Suppose 2*x = k + c. What are the prime factors of x?
2
Let f = -12 - -12. Suppose 0 = p - f*p + y - 104, -12 = 3*y. Suppose 4*s = -0*s + p. List the prime factors of s.
3
Let z(a) = -a**3 + 11*a**2 + 8*a + 58. List the prime factors of z(10).
2, 7, 17
Let h be (-34)/(-8) + 60/80. What are the prime factors of -3 + h - (-6 - -2)?
2, 3
Suppose 2*s - 1485 = d + 533, 0 = s + 4*d - 1027. What are the prime factors of s?
3, 337
Suppose 364 + 570 = v + 2*t, 2*v - t = 1853. What are the prime factors of v?
2, 29
Suppose -21 = s + 5*x + 10, x - 25 = s. Let k = -31 - s. Let z(c) = 3*c**2 + 8*c + 7. List the prime factors of z(k).
2, 3, 7
Let p(f) = -f**3 + f. Let c be p(0). Suppose c = 3*j - 57 + 15. List the prime factors of j.
2, 7
Suppose -2*f = 5*g - 27, 0*g + 5*g = 3*f + 22. List the prime factors of (6 - g)*(126 - -2).
2
Let r = -23 - -13. Suppose 2*s + 0*s = 4*g - 72, 3*g = 2*s + 56. Let i = g + r. What are the prime factors of i?
2, 3
Suppose 9 + 11 = 5*z. Suppose -z*a = -2*a + 66. Let i = 65 + a. List the prime factors of i.
2
Suppose -2*c + 4556 = -4*i, 8*c - 12*c + 9047 = 5*i. What are the prime factors of c?
2, 3, 7
What are the prime factors of (28/6)/(26/16029)?
3, 7, 137
Let l be 6/((-1 - -2) + -3). Let d be (-4 + -5)*l/9. Suppose 99 = -0*m + 3*m - k, 5*m - 165 = -d*k. List the prime factors of m.
3, 11
Suppose -3*c = 4*r - 4205, -2*r - 1427 = -c + 3*r. List the prime factors of c.
3, 7, 67
Let u(n) = -n**2 + 6*n - 6. Let z be u(3). Suppose z*t = -15, 4*p + 0*p + t = 275. List the prime factors of p.
2, 5, 7
Suppose -2*q + 2216 + 5476 = 0. What are the prime factors of q?
2, 3, 641
Suppose 5*o = 2*o + 2*c - 39, 4*o + 54 = 2*c. Let g(d) = -d**2 - 17*d - 2. List the prime factors of g(o).
2, 7
Let o(h) = h**3 - 14*h**2 - 44*h - 102. What are the prime factors of o(22)?
2, 3, 467
Suppose -4*q = 5*f - 1, 3*q + 2*f + 4 = 3*f. Let k be ((-156)/(-16))/(q/(-8)). Let m = k - 51. List the prime factors of m.
3
Suppose 3 + 5 = 2*i. Suppose -2*k - 2*p = -6*p + 10, i*k + 3*p = 35. Suppose -2*b - k*c + 45 = 0, -b - 2*b = -2*c - 58. What are the prime factors of b?
2, 5
Suppose -5*l = -5*i + 10, -4*l + 3*i - 5 - 1 = 0. Let w(x) = l*x + 0*x - 3*x + 0 - 4. List the prime factors of w(-7).
17
Let n be (-17 - -10)*(-362)/14. Let a = 288 - n. What are the prime factors of a?
107
Let z(n) = -36*n - 10. What are the prime factors of z(-4)?
2, 67
List the prime factors of (1433/3)/((-5)/(7 - 22)).
1433
Let b = -8 + 4. Let z be (-406)/(-49) - b/(-14). Let d = z - 3. List the prime factors of d.
5
Let i be ((-2)/(-5) + (-1128)/45)*-3. Let k = i + -6. What are the prime factors of k?
2, 17
Let m be (-139 + -3)*2/4. Let p = m - -119. List the prime factors of p.
2, 3
Let t(y) = 18*y**2 - y + 2. Let z(v) = -3*v + 1. Let c be z(1). Let q be t(c). Suppose 8*g - 4*g - q = 0. List the prime factors of g.
19
Let v(q) = -1257*q**3 + q**2 - 2. What are the prime factors of v(-1)?
2, 157
Suppose w - 976 = -13*m + 11*m, -5*m + 2928 = 3*w. List the prime factors of w.
2, 61
Let b be (1 - (-3 + (61 - 0))) + 0. Let z = b - -157. What are the prime factors of z?
2, 5
Suppose 6*v - 39 = 3*v. Suppose -3*c - v = -4, 3*g + c = 3. List the prime factors of (-412)/(-10) - g/10.
41
Suppose -162*l + 704 = -158*l. What are the prime factors of l?
2, 11
Suppose -2*u + 5 = -u. Let z = -112 - -117. Suppose -45 = -u*q + 3*m, -z*q = -4*m + 18 - 63. List the prime factors of q.
3
Let h(w) = -w + 9. Let p be h(-7). Let r = 4 - 2. What are the prime factors of (4 - p*-3)/r?
2, 13
Let j = -1289 - -1925. What are the prime factors of j?
2, 3, 53
Let p = -36 - -44. Suppose p*r - 130 = 3*r. What are the prime factors of r?
2, 13
Suppose 55 = 2*q + 5*i, 5*q + 4*i = 3*i + 80. Suppose q*f = 10*f + 45. What are the prime factors of f?
3
Let w(n) = n**3 + 14*n**2 - 29*n + 52. Let h be w(-16). Let v = 268 - 148. Suppose -h*u = -5*t - 0*u + v, -96 = -4*t - 4*u. What are the prime factors of t?
2, 3
Suppose -5*a - 368 = -7*a. Suppose 0 = -5*w + 3*i - a, 4*i + 102 = -2*w + 18. Let r = w + 64. List the prime factors of r.
2, 13
Let y(p) = 2*p**3 - 6*p**2 - 5*p + 85. What are the prime factors of y(7)?
2, 13, 17
Let p be 66/24 - (-3)/(-4). Let c = 6 + p. What are the prime factors of c?
2
Let m(g) = g**2 + 12*g + 11. Let k be m(-10). Let a = 22 + k. List the prime factors of 22/143 - (-622)/a.
2, 3
Suppose -3*a - w + 191 = 0, 0 = -4*a - 2*w + 140 + 116. Let v = a + 18. What are the prime factors of v?
3
Suppose 2*x = -8*j + 6*j + 8480, 0 = -j + 4*x + 4245. What are the prime factors of j?
4241
Let z(r) = 18*r + 19. Suppose -3*n + 0*y = 5*y - 26, -8 = -n - y. What are the prime factors of z(n)?
5, 29
Suppose 0 = 3*c + 15, -2*x + 6*x - 265 = c. Let v be 10 - (-234)/(-24) - (-155)/4. Let t = x - v. List the prime factors of t.
2, 13
Let q = -3 + 2. Let r = q - -4. Suppose -9 + 113 = 4*w + o, 5*w - 113 = r*o. What are the prime factors of w?
5
Let g(o) = 17*o + 8. Let p(r) = 68*r + 31. Let y(n) = 9*g(n) - 2*p(n). List the prime factors of y(8).
2, 73
Let p be (-88)/(-77)*14/2. Suppose -5*g = p - 103. What are the prime factors of g?
19
Let r = 1233 - 839. What are the prime factors of r?
2, 197
Let n be 2/4*(-1 + 41). Suppose -8*g + 2*g = 18. Let m = n - g. What are the prime factors of m?
23
Let t be ((-169)/26)/((-1)/(-2)). List the prime factors of (-13)/t + 1*77.
2, 3, 13
Suppose -2*h = 6, -63 = -2*m - 2*m + h. Suppose 4*r - 5*r + m = 0. What are the prime factors of r?
3, 5
Suppose 4*a - 1464 = 4*w, 2*a - 3*a + 351 = 4*w. Suppose a = -y + 4*y. What are the prime factors of y?
11
Let y(m) = m + 2. Let n be y(-3). Let c be 0/((-3)/(-3)*n). Suppose c = 2*l - 5*l + 51. List the prime factors of l.
17
Suppose -22*u = -48*u + 79924. What are the prime factors of u?
2, 29, 53
Suppose 2*s + 3*s + 30 = 0. List the prime factors of (5/(-2))/(1/s).
3, 5
Suppose -332 = -8*m + 3996. List the prime factors of m.
541
Suppose 38 = 7*c - 123. Let i(u) = -3*u. Let b be i(-1). Let n = c + b. List the prime factors of n.
2, 13
Let r be (-9)/6 - (-225)/2 - 0. Suppose q - m - r = 0, -105 = 2*q - 3*q - 2*m. List the prime factors of q.
109
What are the prime factors of 156*(20/8 + -2)?
2, 3, 13
Let s(y) = 4*y**2 + 6*y + 2. Suppose -3*q = 2*o + 26, 4*o - 3*q = -17 + 1. Let p be 14/o - (1 + -1). What are the prime factors of s(p)?
2, 3
Let p(u) = 11*u + 1. Let t(g) = -g**2 - 5*g - 3. Let a be t(-2). Suppose -s - 2*s - 2*l = 5, l = -a*s - 1. List the prime factors of p(s).
2, 3
Let l = 14 - 18. Let k be -9 + 1 - (l - -1). Let h(f) = -8*f - 7. What are the prime factors of h(k)?
3, 11
Suppose -321*k = -320*k - 233. List the prime factors of k.